74?
2, 3, 7, 17, 7541
List the prime factors of 3409545.
3, 5, 227303
What are the prime factors of 58772?
2, 7, 2099
List the prime factors of 1171129.
823, 1423
What are the prime factors of 1538416?
2, 11, 8741
List the prime factors of 2612099.
7, 373157
What are the prime factors of 511194?
2, 3, 85199
What are the prime factors of 1732602?
2, 3, 288767
What are the prime factors of 215836?
2, 53959
What are the prime factors of 7533473?
53, 307, 463
What are the prime factors of 504210?
2, 3, 5, 7
List the prime factors of 406966.
2, 7, 41, 709
What are the prime factors of 1278502?
2, 17, 31, 1213
List the prime factors of 2060194.
2, 127, 8111
What are the prime factors of 275236?
2, 13, 67, 79
What are the prime factors of 687439?
19, 97, 373
List the prime factors of 1029617.
1029617
List the prime factors of 4315245.
3, 5, 11, 26153
What are the prime factors of 9100177?
131, 69467
What are the prime factors of 4300338?
2, 3, 7, 14627
What are the prime factors of 24802932?
2, 3, 7, 11, 17, 1579
What are the prime factors of 6976621?
43, 89, 1823
List the prime factors of 7956311.
11, 821, 881
List the prime factors of 552379.
552379
What are the prime factors of 611052?
2, 3, 13, 3917
List the prime factors of 1803547.
17, 277, 383
What are the prime factors of 2909812?
2, 19, 38287
What are the prime factors of 29496?
2, 3, 1229
List the prime factors of 1039349.
1039349
List the prime factors of 9081978.
2, 3, 17, 269, 331
List the prime factors of 976405.
5, 195281
What are the prime factors of 5401923?
3, 1800641
List the prime factors of 1354215.
3, 5, 90281
What are the prime factors of 53569?
53569
What are the prime factors of 3831159?
3, 431, 2963
List the prime factors of 108741.
3, 67, 541
List the prime factors of 894526.
2, 447263
What are the prime factors of 302601?
3, 13, 7759
List the prime factors of 188297.
29, 43, 151
What are the prime factors of 2260519?
2260519
List the prime factors of 3389881.
11, 31, 9941
What are the prime factors of 2566021?
2566021
List the prime factors of 9259355.
5, 7, 264553
List the prime factors of 162392.
2, 53, 383
What are the prime factors of 34592?
2, 23, 47
List the prime factors of 11007802.
2, 13, 19, 22283
What are the prime factors of 463532?
2, 115883
What are the prime factors of 18142226?
2, 19, 29, 101, 163
What are the prime factors of 111559?
7, 15937
List the prime factors of 8923862.
2, 23, 419, 463
List the prime factors of 9980340.
2, 3, 5, 181, 919
List the prime factors of 8096670.
2, 3, 5, 89963
What are the prime factors of 44271460?
2, 5, 103, 21491
List the prime factors of 34881891.
3, 11, 19, 55633
List the prime factors of 1203903.
3, 89, 167
List the prime factors of 374778.
2, 3, 47, 443
List the prime factors of 13300939.
1871, 7109
What are the prime factors of 1209224?
2, 151153
What are the prime factors of 2179393?
31, 229, 307
What are the prime factors of 97245?
3, 5, 2161
What are the prime factors of 5066628?
2, 3, 7, 60317
What are the prime factors of 15970953?
3, 71, 97, 773
What are the prime factors of 1103991?
3, 7, 52571
What are the prime factors of 10279304?
2, 7, 19, 9661
What are the prime factors of 96756?
2, 3, 11, 733
List the prime factors of 1350502.
2, 675251
List the prime factors of 21709917.
3, 823, 977
What are the prime factors of 162360?
2, 3, 5, 11, 41
List the prime factors of 1122753.
3, 271, 1381
List the prime factors of 60185.
5, 12037
What are the prime factors of 447507?
3, 19, 2617
What are the prime factors of 66812?
2, 16703
List the prime factors of 8714538.
2, 3, 7, 69163
List the prime factors of 363215.
5, 72643
What are the prime factors of 9952?
2, 311
List the prime factors of 145432.
2, 7, 53
List the prime factors of 543201.
3, 17, 10651
What are the prime factors of 6560352?
2, 3, 2531
List the prime factors of 1524354.
2, 3, 13, 19543
What are the prime factors of 12276797?
13, 944369
What are the prime factors of 3692898?
2, 3, 11, 6217
What are the prime factors of 1601683?
107, 14969
What are the prime factors of 7305847?
1621, 4507
List the prime factors of 130367.
130367
List the prime factors of 165096.
2, 3, 2293
What are the prime factors of 218321?
233, 937
What are the prime factors of 6912116?
2, 967, 1787
What are the prime factors of 1885201?
1885201
What are the prime factors of 17494287?
3, 467, 12487
What are the prime factors of 36840?
2, 3, 5, 307
What are the prime factors of 100742?
2, 17, 2963
What are the prime factors of 14652487?
17, 73, 11807
List the prime factors of 569533.
569533
What are the prime factors of 24280?
2, 5, 607
What are the prime factors of 1818709?
269, 6761
List the prime factors of 739798.
2, 107, 3457
What are the prime factors of 2346976?
2, 71, 1033
What are the prime factors of 1652667?
3, 71, 7759
What are the prime factors of 70195?
5, 101, 139
What are the prime factors of 2025750?
2, 3, 5, 37, 73
List the prime factors of 2072366.
2, 1036183
List the prime factors of 10580258.
2, 13, 229, 1777
What are the prime factors of 836627?
11, 19, 4003
List the prime factors of 2537935.
5, 23, 29, 761
What are the prime factors of 25439988?
2, 3, 7, 302857
What are the prime factors of 23304?
2, 3, 971
List the prime factors of 8890582.
2, 37, 317, 379
What are the prime factors of 187967?
13, 19, 761
List the prime factors of 6595422.
2, 3, 17, 64661
List the prime factors of 179481.
3, 29, 2063
List the prime factors of 4616955.
3, 5, 7, 14657
List the prime factors of 5427009.
3, 7, 86143
List the prime factors of 1513325.
5, 11, 5503
List the prime factors of 413416.
2, 31, 1667
What are the prime factors of 8772021?
3, 83, 11743
What are the prime factors of 3600761?
3600761
What are the prime factors of 170124?
2, 3, 14177
List the prime factors of 19649324.
2, 163, 30137
What are the prime factors of 7152743?
13, 550211
List the prime factors of 7755885.
3, 5, 73, 787
List the prime factors of 1920551.
1920551
What are the prime factors of 41822?
2, 11, 1901
List the prime factors of 135730.
2, 5, 7, 277
What are the prime factors of 1153514?
2, 576757
List the prime factors of 455620.
2, 5, 11, 19, 109
What are the prime factors of 202432?
2, 3163
List the prime factors of 9291663.
3, 1032407
List the prime factors of 1772644.
2, 443161
What are the prime factors of 2586037?
2586037
List the prime factors of 39135.
3, 5, 2609
List the prime factors of 1695772.
2, 13, 32611
What are the prime factors of 2611272?
2, 3, 108803
List the prime factors of 308329.
7, 17, 2591
What are the prime factors of 11728694?
2, 5864347
List the prime factors of 38185.
5, 7, 1091
List the prime factors of 1016109.
3, 112901
What are the prime factors of 31264503?
3, 211, 49391
What are the prime factors of 724438?
2, 11, 13, 17, 149
List the prime factors of 65705.
5, 17, 773
What are the prime factors of 438882?
2, 3, 193, 379
List the prime factors of 2054701.
11, 16981
What are the prime factors of 150663?
3, 50221
List the prime factors of 6835318.
2, 7, 131, 3727
What are the prime factors of 2319270?
2, 3, 5, 97, 797
What are the prime factors of 885720?
2, 3, 5, 11, 61
What are the prime factors of 22296187?
22296187
What are the prime factors of 2977826?
2, 47, 79, 401
What are the prime factors of 186008?
2, 23251
List the prime factors of 239246.
2, 7, 23, 743
What are the prime factors of 9089409?
3, 7, 239, 1811
List the prime factors of 1124939.
29, 38791
What are the prime factors of 6250162?
2, 67, 46643
What are the prime factors of 3868685?
5, 19, 193, 211
What are the prime factors of 905187?
3, 53, 5693
What are the prime factors of 10326415?
5, 11, 191, 983
List the prime factors of 6721817.
17, 233, 1697
What are the prime factors of 429886?
2, 214943
What are the prime factors of 5148919?
829, 6211
List the prime factors of 1134592.
2, 277
List the prime factors of 297685.
5, 29, 2053
What are the prime factors of 410130?
2, 3, 5, 7, 31
List the prime factors of 8056819.
61, 269, 491
What are the prime factors of 13617844?
2, 563, 6047
What are the prime factors of 694675?
5, 37, 751
List the prime factors of 1971660.
2, 3, 5, 17, 1933
List the prime factors of 124584.
2, 3, 29, 179
What are the prime factors of 313177?
19, 53, 311
What